) + -5 + b. Suppose j*k = -2*k + 52. What is the greatest common factor of 26 and k?
13
Let h(k) = 26*k**2 - 1087*k + 76. Let a be h(42). Calculate the greatest common divisor of a and 6149.
143
Let v(c) = -c**3 - 7*c**2 - 3*c + 15. Let j be v(-11). What is the highest common divisor of 84 and j?
28
Suppose -9*o + 68 = 8*o. Suppose -4*p = 4*x - 200, -o*x = -17*p + 18*p - 188. Calculate the highest common divisor of x and 92.
46
Let d = -212 + 455. Suppose -g + d = 4*x - x, 0 = g - x - 255. Calculate the highest common factor of 36 and g.
36
Let o be (-12)/(-30)*2*5. Let z(y) = -87*y**2 - 7*y - 3. Let i be z(2). Let q = -357 - i. Calculate the greatest common factor of q and o.
4
Let u(o) = 5*o**2 + 2*o + 1. Let l be u(-1). Suppose 20 = -l*b, -p = b - 3*b - 23. Calculate the greatest common factor of p and 91.
13
Suppose -2*z + 26065 + 1031 = -2*j, -2*z + 27095 = -3*j. Calculate the greatest common factor of 17 and z.
17
Suppose 4*w = -2*q + 1138, 7*w = 8*w - 5*q - 279. Suppose 0 = -4*d + w - 12. Calculate the highest common factor of d and 102.
34
Let z be 1 - 2 - (2 + -5). Let q be 167/(-1)*(3 - z). Let r be q/(-3) + (-14)/(-42). What is the greatest common factor of r and 14?
14
Let z = -30 - -22. Let w be (z - 2)/((-25)/210). Calculate the greatest common factor of w and 60.
12
Suppose -5*u = -y - 13, -5*u + u - 12 = -4*y. Suppose 15*d + 756 = 42*d. Calculate the highest common divisor of y and d.
7
Suppose z - y + 65 = 103, z - 3*y - 30 = 0. Suppose 5*i = 2*i - 3*h + 15, h = -1. Calculate the highest common factor of z and i.
6
Let i(c) = -c**3 + 4*c**2 - 6*c. Let m be i(3). Let f be (-5)/15 - (-186)/m. Let z = 43 - f. What is the greatest common divisor of z and 8?
8
Let o be (396/176)/(6/(1365 + 3)). Calculate the highest common factor of 27 and o.
27
Suppose -10 = -2*q, 210 = h + 2*q - 5*q. Suppose -4*m + 47 = -3*n + 8, 0 = 5*m - 5*n - 50. Calculate the greatest common divisor of m and h.
9
Suppose -16*u - 4355 + 9250 = -11377. Calculate the highest common divisor of u and 904.
113
Suppose -5*a = -0*a - 25, -865 = 5*d - 5*a. Let z be (-21)/(d/64) + (1 - -2). What is the greatest common divisor of 253 and z?
11
Let l(m) be the second derivative of m**4/12 + 4*m**3/3 + 23*m**2/2 + 55*m. Let n be l(-9). Calculate the greatest common factor of 32 and n.
32
Suppose 92 = 69*a - 46. Let z = 46 + 34. Suppose -j - 2*h + z = 0, j - 4*h - 190 = -a*j. What is the highest common divisor of j and 14?
14
Suppose -2*c - 46 = -146. Let j(d) = 2*d**3 - 6*d**2 + 5*d. Let b be j(5). What is the greatest common factor of b and c?
25
Let h(s) = -s**3 - 21*s**2 + 3. Suppose 2*i - 11 = -53. Let v be h(i). Suppose 8*z - 10*z - v*d = 2, -d = z. Calculate the highest common factor of z and 1.
1
Let n(r) = r**3 + 38*r**2 + 67*r - 120. Let z be n(-36). Suppose 13 = -59*t + z*t. Let h be 1/(-4) + (-418)/(-8). What is the highest common factor of h and t?
13
Suppose -i - 9*i + 3*i = 0. Suppose i = -5*t + 168 - 18. What is the greatest common divisor of t and 240?
30
Suppose 3*o + 43 = -5*j + 584, 0 = j + 4*o - 98. Suppose 241 = 4*m - 23. What is the highest common divisor of j and m?
22
Let i = 2897 - 2852. What is the greatest common divisor of i and 558?
9
Suppose -4*u + 4*g + 5312 = 0, 36*g - 4004 = -3*u + 34*g. Let h = -84 - -120. What is the highest common divisor of u and h?
36
Let b = -29397 + 29499. Calculate the greatest common divisor of 6987 and b.
51
Suppose -10*y = 5 - 45. Suppose -34 = -4*b - y*o + 182, 0 = -3*b - 4*o + 159. Calculate the greatest common factor of b and 513.
57
Suppose -14*z + 3*z + 7*z = -6936. What is the greatest common factor of z and 68?
34
Suppose 2*b - 6*d - 14 = -8*d, -3*b + 5*d - 3 = 0. What is the greatest common factor of 81 and b?
1
Suppose -3*t - 225 + 228 = 0, 4*t - 584 = -5*h. Calculate the highest common divisor of 1073 and h.
29
Suppose -5*u = 40, -2*z + 5*u = 283 - 325. Calculate the highest common factor of z and 3046.
1
Let u = -104 - -108. Suppose 2*n = -5*g + 51, 2*n - 13 - 65 = u*g. Let q be (-3)/4*(-6 - 82). What is the highest common factor of q and n?
33
Suppose -358302 = 90*c - 1343802. What is the greatest common divisor of 292 and c?
146
Let b be 0 + 8 - (-1664750)/250. Calculate the highest common divisor of b and 59.
59
Let q(i) be the first derivative of -43*i**2/2 - 8*i + 70. Let n be q(-5). Calculate the greatest common factor of 9 and n.
9
Let v = 29944 - 22790. What is the greatest common divisor of 196 and v?
98
Let k = 11641 - 9889. Calculate the greatest common divisor of k and 72.
24
Let k = 240 + -168. Suppose 5*j - v = 48, 0 = -j + 3*v - 0*v + 18. What is the highest common factor of j and k?
9
Let j = 27 + -14. Let t be 9*(-762)/(-54) - 15. Suppose t = -j*l + 15*l. Calculate the highest common divisor of 56 and l.
56
Suppose 0 = 5*p - y - 876, -p + 24*y - 23*y + 180 = 0. Calculate the greatest common factor of 18 and p.
6
Let a be -4 + (-15)/(-6) - (68355/14)/(-5). Calculate the greatest common divisor of 1053 and a.
39
Let m = 1221 - 1170. Suppose 3*r = -0*r + 51. What is the greatest common factor of r and m?
17
Let q(g) = 8*g - 48. Let h be q(6). Suppose -j = -k - 155, -4*j + h*k + k = -614. Calculate the greatest common factor of j and 17.
17
Suppose -31*w + 43*w - 24 = 0. Let h be 12*w*(-2)/((-36)/159). Calculate the highest common factor of 8 and h.
4
Suppose -23*o + 24 = -68. Let a be (-738)/(-36) - 2/o. Let m = 11 - -29. Calculate the greatest common divisor of a and m.
20
Suppose -4 = -w - 83. Let x = w + 84. Let f be 5 - 2 - x*-1. Calculate the highest common factor of 64 and f.
8
Suppose 2*o = 7*o - i - 15, -2*o = -2*i + 2. Suppose s - f - 2 = o*f, 0 = s + 5*f - 22. What is the highest common divisor of s and 480?
12
Suppose 0 = 7*y + 100056 - 103556. What is the greatest common divisor of 820 and y?
20
Let w be (8/6*(33 + -35) - -3)*270. What is the highest common factor of w and 7632?
18
Let i = 1226 - -61. Calculate the highest common divisor of 198 and i.
99
Suppose -103 = -7*c + 163. Let s = c - 13. Let u = -13 + s. Calculate the highest common divisor of u and 84.
12
Suppose -3*n = 4*z - 14276, 0 = 5*n + 2*z + 5215 - 28999. What is the highest common divisor of 246 and n?
82
Let r(a) = 50*a + 489. Let t be r(13). What is the highest common factor of t and 238?
17
Let j = 4104 - 4068. What is the greatest common divisor of 22 and j?
2
Suppose -66*g + 2752 = -2*g. Let d = -14 + 57. What is the greatest common factor of g and d?
43
Suppose -24*o + 178416 = -6*o. Suppose -132*c + 139*c = o. Calculate the highest common divisor of c and 59.
59
Let x(j) = j**3 - 99*j**2 + 26*j - 1749. Let i be x(99). What is the greatest common divisor of i and 625?
25
Let x = -28 - -36. Let p(r) = -5*r + 41. Let k be p(-3). Calculate the highest common factor of x and k.
8
Let c = 117 - -246. Let q be (-1)/(c/183 - 2). What is the highest common divisor of 427 and q?
61
Let n(k) = -22*k + 6. Let o be n(-2). Let s = o + -18. Suppose -2*h - 75 + 591 = -4*m, 515 = 2*h - 3*m. Calculate the greatest common factor of s and h.
32
Suppose 2*l = 3*l - 1088. Let o = l + -725. Calculate the highest common divisor of o and 33.
33
Suppose 7*y = -3*y - 22*y + 48416. What is the greatest common factor of y and 356?
89
Suppose 2*m = r + 44, -3*m - 4*r = 12 - 56. Suppose m*i - 280 = 16*i. Suppose a = 6*a - i. Calculate the greatest common divisor of 70 and a.
14
Let k = 691 + -669. Let w be (1 + 5 - 3) + 184. Calculate the highest common factor of w and k.
11
Let m = -7896 + 8116. Calculate the greatest common divisor of m and 2000.
20
Let s be ((-380)/60)/((3/(-144))/1). Suppose 0 = 301*l - s*l + 6. Calculate the highest common divisor of 54 and l.
2
Let x = 329 + -309. Suppose 3*b - 250 = -7*d + 11*d, -4*d = -x. Calculate the greatest common divisor of b and 45.
45
Let m be (5/(-30))/((-3)/(-12))*12. Let g(o) = -o**2 - 4*o + 42. Let t be g(m). What is the greatest common divisor of t and 15?
5
Let l be (-5 + 3)*(1 - 148/8). Suppose 0*y + l = -y. Let x = -13 - y. What is the highest common factor of x and 11?
11
Let z be ((-87)/(-6))/(1/26). Let x = 2191 - 2178. Calculate the greatest common factor of x and z.
13
Let h = 26 + -24. Suppose -h*b = 5*r + 16, -7*b + 2 = -8*b - r. Suppose -3*s = 6, 2*m = -4*s + 48 